0 = -4*u - 4*r, -19*r + 17*r + 110684 = 5*u. Is u a prime number?
False
Suppose 0 = -h + 4*h + 9. Let k be (2/h)/((-1)/9). Suppose 19 = 7*v - k*v. Is v a prime number?
True
Suppose -5*j - 25725 = -4*n - n, -4*j = -2*n + 10286. Is n composite?
False
Let o(l) = 792*l + 47. Is o(19) composite?
True
Let o(d) = -684*d + 3. Let g(s) = -3420*s + 16. Let h(l) = -2*g(l) + 11*o(l). Is h(-1) prime?
False
Suppose -4*c + 2*c + 8 = 0. Let y(o) = 5*o**3 - 3*o**2 - 15. Is y(c) a composite number?
False
Suppose 0*b - 5*f = -3*b + 2228, -2*f = 5*b - 3765. Suppose b + 364 = 5*x. Is x a prime number?
True
Let g(x) = -x**3 + 9*x**2 + 6*x + 71. Is g(-23) composite?
True
Let k(t) = -t**3 + 4*t**2 + t - 6. Let s be k(3). Let l(g) = 140*g - 5. Is l(s) a prime number?
False
Suppose 2*k = -5*k. Suppose -3*v - d + 1097 = k, -5*v + d + 256 + 1575 = 0. Let g = v - -127. Is g prime?
False
Let p(s) = -538*s - 10. Let y(r) = 18 - r + 0*r - 12 - 7. Let x(k) = p(k) - 5*y(k). Is x(-2) a prime number?
True
Let j = 10 - 5. Suppose -j*d = -2*d. Suppose d = w + 2*o - o - 243, 733 = 3*w + 2*o. Is w a prime number?
False
Suppose -63264 = -7*t + 52243. Is t prime?
False
Let q(a) = -3*a**3 - 15*a**2 - 102*a - 61. Is q(-39) composite?
False
Suppose 11*q = 15*q - 8. Suppose -q*r - 2*f - 20 + 204 = 0, 0 = 2*r - f - 199. Is r a composite number?
False
Let p be (-8)/(16/(-6)) - (0 - 1). Is (-2)/p*2532/(-2) composite?
True
Let y = 9583 + -5525. Is y a composite number?
True
Let g be (-40)/(-12) - 1/3. Let z be ((-3)/3)/(g/(-12)). Suppose -3*k = 5*f - 1316, -z*k + 1746 = 4*f - 6*f. Is k a prime number?
False
Let w be ((-20)/30)/((-2)/9). Suppose 0*u + 5*u = 3*q - 414, 0 = -q - w*u + 138. Let x = -32 + q. Is x a prime number?
False
Let d(i) = -18*i - 28. Let y be d(-4). Suppose -34*j + y*j = 19390. Is j prime?
False
Let g = 210 - 149. Let q be g/5 - 7/35. Is (-1336)/(-6) - (-4)/q a composite number?
False
Suppose 0 = -2*z + 3*h + 51, 2*h - 3 - 3 = 0. Let w be (-75)/(-2 - z/(-14)). Let u = w + 776. Is u a composite number?
False
Let h(y) = y - 9. Let l be h(12). Suppose -l*u + 0*u = -12. Suppose -s + 3 = 0, -45 = -3*x - 6*s + u*s. Is x prime?
True
Suppose -2*z + 4*m + 28 = 0, m = -5 - 0. Is (-76349)/(-52) + 3/z prime?
False
Let l = -3652 + 6285. Is l prime?
True
Suppose -2*h + 0*r + 10 = 2*r, -2*h = 4*r - 12. Suppose -4709 = -h*k + 4439. Is k a prime number?
True
Let t(b) = -6*b + b - 2*b + 56*b**2 + 3 + 5*b. Is t(2) composite?
False
Let k(v) = -v**3 + 10*v**2 - 4*v - 18. Let l be k(12). Let j = l - -608. Is j a prime number?
False
Let l be (-20)/4*(-3396)/10. Suppose 854 = -0*n + n - 2*x, 2*n - l = 2*x. Suppose 16*r - 12*r = n. Is r prime?
True
Suppose -2*s = 4*u - 10537 - 5615, 4*s = -2*u + 8082. Is u prime?
False
Let y(z) = -7*z + 5. Let q be y(-8). Let c = q - -18. Is c a prime number?
True
Let z(m) = 79*m + 4078. Is z(0) prime?
False
Let t = 9101 + -3094. Is t prime?
True
Is 74746/6 - (144/(-27) + 6) composite?
False
Let q = 5631 - 592. Is q a composite number?
False
Let h(c) = 2*c**2 - 4*c + 2. Let k be 2 + 3 + -5 + 2. Let d be h(k). Suppose -d*x + 119 = -x. Is x prime?
False
Suppose -16 = -d - 3*g, 0*d - 4*d - 2*g + 14 = 0. Let c(f) = 331*f**2. Is c(d) a composite number?
False
Let h(y) = -28*y - 7. Suppose 2*t = 4*q - 0*t + 28, 3*q - 2*t + 23 = 0. Let b be q/1*9/15. Is h(b) composite?
True
Suppose -14*n = -16*n + 1334. Is n a prime number?
False
Let q = 964 + -2128. Let t = 1843 + q. Is t prime?
False
Let m(r) be the third derivative of r**5/3 + r**4/12 - 5*r**3/6 + 24*r**2. Is m(-6) composite?
True
Suppose -5*d + 3*d + 66371 = 3*i, -4*i + d + 88480 = 0. Is i a composite number?
True
Suppose -4*n = 3*h - 1709, 8*h - 3*h = -4*n + 1699. Suppose 46 = -5*b + n. Is b a composite number?
True
Let s = 37 + -55. Suppose -5*z = -5*g + 390, 2*z + 0*z + 5*g = -149. Let w = s - z. Is w a prime number?
True
Let l be -1 - (-10)/5 - -2209. Suppose -16389 = -u - l. Is 2/(-9) + u/99 prime?
False
Suppose 3*k + 326 = 2231. Is k prime?
False
Suppose -j - 5*z = 91 + 16, -2*j - z = 169. Let w = 407 - j. Is w prime?
False
Let g = 2369 - 1582. Is g a prime number?
True
Let u(l) be the third derivative of 7*l**5/20 - 5*l**4/24 - 17*l**3/6 + 3*l**2. Is u(6) a composite number?
False
Let g be 3934/4 + (-2)/(-4). Suppose 3*h = 7*h - g. Suppose 5*w + 321 = 4*n, 0 = 5*n + 3*w + h - 638. Is n a prime number?
True
Suppose 9*u - 12*u + 3787 = t, 5*t - 18935 = 5*u. Is t a composite number?
True
Suppose -5*y + 711606 = n, 2*n - n = 3*y - 426970. Is y composite?
True
Suppose -4*g = 2*i - 41686, 3*i = -3*g + 4*g + 62550. Is i a composite number?
False
Suppose -m + 30 = m. Suppose -2*w - m = -3*w. Suppose -3*z - w = -4*z. Is z a composite number?
True
Let q(b) = -120 + 115 + 43*b + 215*b. Is q(8) a composite number?
True
Suppose 73464 = 27*z - 3*z. Is z a prime number?
True
Let r = 29 + -27. Is 2/3*1239/r prime?
False
Suppose -4*d + 4*w + 32 = 0, -4 = 2*d + 2*d + 5*w. Suppose -4*t - 3*n = -4*n - 5947, -3*n - 5953 = -d*t. Is (-12)/(-30) - t/(-10) composite?
False
Is (60/(-42))/5 - (-14695)/7 prime?
True
Suppose -12*f - 43337 = -14*f + 5*c, 4*f + 2*c - 86686 = 0. Is f a composite number?
True
Is 8/(-76) + (-305868)/(-57) a composite number?
True
Let h(u) = -u + 11. Let b be h(7). Suppose b*r = -68 + 880. Is r composite?
True
Let w = -564 + 1733. Is w prime?
False
Is (-16)/28 + (-81197)/(-7) a composite number?
True
Suppose 4*b + 22 - 10 = 0, 3*b = 3*n - 6294. Is n a prime number?
False
Let a(m) = -m**2 + 11*m - 19. Let i be a(11). Is 19 + i - (-202 - 0) composite?
True
Let z = -27 + 37. Suppose 2*b + 4280 = z*b. Is b composite?
True
Suppose -2*t - 2*h - 20 = 0, 3*t + 2*t = 3*h - 66. Is ((-4677)/12)/(3/t) a composite number?
False
Let t = 4619 + 9870. Is t a prime number?
True
Let l be 12502/154 - (-2)/(-11). Let q(m) = 76*m + 2. Let t be q(3). Suppose -l = z - t. Is z a composite number?
False
Suppose 0 = 6*a - 3*a - 57. Let p = -2 - a. Is 6/2*(-679)/p a composite number?
False
Let w = 5 - 40. Is 15012/20 + 7/(w/(-2)) a composite number?
False
Let q = 381 + -164. Is q a prime number?
False
Let u(t) = t**3 - 12*t**2 + 18. Let r be u(12). Suppose 1212 = r*n - 12*n. Is n a prime number?
False
Suppose 40*x - 42*x = 0. Suppose 3*w = -2*w + 4*d + 11135, d - 5 = x. Is w a composite number?
True
Let c(h) = 17*h + 366. Let z be c(-22). Let x(g) be the first derivative of -6*g**2 - 22*g - 1. Is x(z) composite?
True
Let y be (2 - -522)*5/4. Let s = y + 449. Let z = s - 427. Is z a prime number?
True
Suppose 1378*f + 70198 = 1380*f. Is f composite?
False
Let r(w) = 2*w**3 - 14*w**2 + 65. Is r(9) a composite number?
False
Let d = -261 + -169. Let u be (2 - 1)/((-10)/d). Let h = 101 - u. Is h prime?
False
Let c(b) = -20*b - 7. Let y = -1 - -4. Suppose -3*r - 15 = 0, -5*d - y*r - 2*r = 40. Is c(d) a prime number?
True
Let m(c) = -c**2 - 10*c + 20. Let f be m(-10). Is 3276/5 + (f/25 - 1) a prime number?
False
Let r(i) = -i**3 + 10*i**2 - 3*i - 6. Let k be r(7). Suppose -3*a - a = -k. Is a + (-1 - 8)/(-3) a prime number?
False
Suppose -4 = -4*c, -5*c + 1179 - 28196 = -2*j. Is j a prime number?
False
Let o = 105 - 102. Let c(t) = 45*t**2 + t - 5. Is c(o) a composite number?
True
Suppose 14*p - 11*p + 86594 = 4*h, -2*p = -3*h + 64945. Is h composite?
False
Let s(y) = 2*y**3 + 14*y**2 - y - 7. Let l be s(-7). Suppose l = -2*r + 7*r + 10, 2039 = q - 3*r. Is q composite?
True
Let h be 40/3 - 1/3. Let z be -25 + 20 - (-439 - 1). Suppose h*t - 10*t - z = 0. Is t composite?
True
Suppose 0 = -5*z + 3 + 17. Let a(s) = s**3 - 5*s + 2. Is a(z) prime?
False
Let v be 10/((-1)/(4/(-8))). Suppose v*n - 3*n = 0. Suppose n*k + 364 = 4*k. Is k a composite number?
True
Let n = -8 + 14. Let f(g) = 21*g**2 + g + 15. Let k be f(5). Suppose -k = -n*h + h. Is h a prime number?
True
Let s(z) = 316*z + 18. Let d be s(8). Suppose -14622 = -4*l - 2*p - d, 4*l = 4*p + 12052. Is l prime?
False
Suppose 24*l + l - 286525 = 0. Is l composite?
True
Suppose -2*t + 3271 + 4888 = -3*o, t = -5*o + 4112. Is t composite?
True
Let r be 10/10 - (-2 - 967). Suppose -6*n + r = 4*n. Is n a composite number?
False
Let d be (-155)/10 + (-2)/(-4). Let r be 18/30 - (-24)/d. Is 392/7 - (r - 1) a composite number?
True
Suppose -5*l = 2*z - 9*l - 834, -3*z = -3*l - 1254. Let s = -705 - -489